{"id":2129,"date":"2026-04-22T14:17:36","date_gmt":"2026-04-22T12:17:36","guid":{"rendered":"https:\/\/shop.chateau-du-glana.com\/?page_id=2129"},"modified":"2026-04-27T09:59:13","modified_gmt":"2026-04-27T07:59:13","slug":"primeurs","status":"publish","type":"page","link":"https:\/\/shop.chateau-du-glana.com\/en\/primeurs\/","title":{"rendered":"Primeurs 2025"},"content":{"rendered":"<p><\/p>\n\n\n\n<h3 class=\"wp-block-heading\">En Primeur from Our Estates<\/h3>\n\n\n\n<p>Purchase today a great vintage still undergoing ageing, and receive it once it has been bottled.<\/p>\n\n\n\n<h3 class=\"wp-block-heading\">What is an En Primeur wine?<\/h3>\n\n\n\n<p class=\"translation-block\">An En Primeur wine is offered while it is still in the early stages of maturation in oak barrels at the ch\u00e2teau, typically for a period of 18 to 24 months.<\/p>\n\n\n\n<p>For more than two centuries, Bordeaux\u2019s finest wines have been sold En Primeur, allowing enthusiasts to acquire them at birth, long before bottling.<\/p>\n\n\n\n<p class=\"translation-block\">For the <strong>2025<\/strong> vintage, the deliveries will take place during the <strong>second half of 2027<\/strong>.<\/p>\n\n\n\n<h3 class=\"wp-block-heading\">Payment terms<\/h3>\n\n\n\n<p>When you place your order today, you will pay for:<\/p>\n\n\n\n<style>\n\/* ===== PRIMEURS PREMIUM - VERSION SOBRE SANS FOND BLANC ===== *\/\n\n.glana-primeur-wrap{\ndisplay:grid;\ngrid-template-columns:1fr 170px 1fr;\ngap:28px;\nalign-items:stretch;\nmargin:50px 0;\nfont-family:Georgia, serif;\n}\n\n\/* Cartes identiques *\/\n.glana-box{\ndisplay:flex;\nflex-direction:column;\njustify-content:flex-start;\nheight:100%;\npadding:34px 30px;\nborder:1px solid rgba(255,255,255,.16);\nbackground:rgba(255,255,255,.03);\nbackdrop-filter:blur(2px);\nborder-radius:12px;\nbox-sizing:border-box;\n}\n\n\/* Carte droite premium *\/\n.glana-box.gold{\nborder:1px solid #b08d57;\nbackground:rgba(176,141,87,.08);\n}\n\n\/* Ic\u00f4ne *\/\n.glana-icon{\nfont-size:34px;\nline-height:1;\nmargin-bottom:18px;\ntext-align:center;\n}\n\n\/* Titre *\/\n.glana-title{\nfont-size:30px;\nfont-weight:700;\ntext-align:center;\nmargin-bottom:18px;\nline-height:1.2;\n}\n\n\/* Texte *\/\n.glana-text{\nfont-size:18px;\nline-height:1.8;\ntext-align:center;\nmargin:0;\n}\n\n\/* Bloc centre *\/\n.glana-middle{\ndisplay:flex;\nflex-direction:column;\njustify-content:center;\nalign-items:center;\ntext-align:center;\n}\n\n.glana-ou{\nfont-size:38px;\nfont-weight:700;\nletter-spacing:1px;\ncolor:#b08d57;\nanimation:glanaPulse 1.5s infinite;\n}\n\n.glana-eco{\nmargin-top:10px;\nfont-size:15px;\nfont-weight:700;\nletter-spacing:1px;\ntext-transform:uppercase;\ncolor:#b08d57;\n}\n\n\/* Animation *\/\n@keyframes glanaPulse{\n0%{transform:scale(1);opacity:1;}\n50%{transform:scale(1.12);opacity:.65;}\n100%{transform:scale(1);opacity:1;}\n}\n\n\/* Mobile *\/\n@media(max-width:980px){\n\n.glana-primeur-wrap{\ngrid-template-columns:1fr;\ngap:18px;\n}\n\n.glana-middle{\norder:2;\npadding:8px 0;\n}\n\n}\n<\/style>\n\n\n\n<div class=\"glana-primeur-wrap\">\n\n    <!-- GAUCHE -->\n    <div class=\"glana-box\">\n\n        <div class=\"glana-icon\">\ud83d\ude9b<\/div>\n\n        <div class=\"glana-title\">\n            Delivery\n        <\/div>\n\n        <p class=\"glana-text translation-block\">Total amount including VAT of wines reserved based on wines packed in cartons and delivered in <strong>mainland France<\/strong>.<\/p>\n\n    <\/div>\n\n\n\n    <!-- CENTRE -->\n    <div class=\"glana-middle\">\n\n        <div class=\"glana-ou\">OR<\/div>\n\n        <div class=\"glana-eco\">\n            Adjustable price\n        <\/div>\n\n    <\/div>\n\n\n\n    <!-- DROITE -->\n    <div class=\"glana-box gold\">\n\n        <div class=\"glana-icon\">\ud83c\udfdb<\/div>\n\n        <div class=\"glana-title\">\n            Collection at the Estate\n        <\/div>\n\n        <p class=\"glana-text translation-block\">The total price including VAT for the wines reserved, based on wines packed in cartons and <strong>collected at the estate<\/strong>.<\/p>\n\n    <\/div>\n\n<\/div>\n<style>\n@media(max-width:980px){\n\n.glana-primeur-wrap{\ndisplay:flex !important;\nflex-direction:column !important;\n}\n\n.glana-box:first-child{\norder:1;\n}\n\n.glana-middle{\norder:2 !important;\nmargin:10px 0 18px 0;\n}\n\n.glana-box.gold{\norder:3;\n}\n\n}\n<\/style>\n\n\n\n<p class=\"translation-block\"><strong>Any transport costs for deliveries OUTSIDE mainland France will be payable at a later date,<\/strong> when the wines are made available during the second half of 2027.<\/p>\n\n\n\n<p>You will receive a pro forma invoice by email confirming your reservation.<\/p>\n\n\n\n<h3 class=\"wp-block-heading\">Future delivery<\/h3>\n\n\n\n<p>As your wines become available, you may contact us to arrange:<\/p>\n\n\n\n<ul class=\"wp-block-list\">\n<li>collection at the estate<\/li>\n\n\n\n<li>Chronopost home delivery or collection point delivery<\/li>\n\n\n\n<li>specialist delivery in original wooden cases (additional charge applies)<\/li>\n<\/ul>\n\n\n\n<h3 class=\"wp-block-heading\">Important information<\/h3>\n\n\n\n<p>Offre Primeur valable <strong>jusqu&rsquo;au 15\/09\/2026 uniquement<\/strong>. Toute commande Primeurs est ferme et d\u00e9finitive.<\/p>\n\n\n\n<div class=\"wp-block-group is-nowrap is-layout-flex wp-container-core-group-is-layout-6c531013 wp-block-group-is-layout-flex\">\n<figure class=\"wp-block-image size-full is-resized\"><img fetchpriority=\"high\" decoding=\"async\" width=\"512\" height=\"512\" src=\"https:\/\/shop.chateau-du-glana.com\/wp-content\/uploads\/2026\/04\/image-1.png\" alt=\"\" class=\"wp-image-2165\" style=\"width:37px;height:auto\" srcset=\"https:\/\/shop.chateau-du-glana.com\/wp-content\/uploads\/2026\/04\/image-1.png 512w, https:\/\/shop.chateau-du-glana.com\/wp-content\/uploads\/2026\/04\/image-1-300x300.png 300w, https:\/\/shop.chateau-du-glana.com\/wp-content\/uploads\/2026\/04\/image-1-150x150.png 150w, https:\/\/shop.chateau-du-glana.com\/wp-content\/uploads\/2026\/04\/image-1-12x12.png 12w, https:\/\/shop.chateau-du-glana.com\/wp-content\/uploads\/2026\/04\/image-1-100x100.png 100w\" sizes=\"(max-width: 512px) 100vw, 512px\" \/><\/figure>\n\n\n\n<p class=\"has-text-align-center translation-block\">Minimum order: <strong> 6 bottles <strong> or <strong> 3 magnums <strong>, with the possibility of mixing different wines.<\/p>\n<\/div>\n\n\n<div class=\"woocommerce columns-4\"><ul class=\"products columns-4\" data-products=\"type-1\" data-hover=\"zoom-in\">\n<li class=\"product type-product post-2145 status-publish first instock product_cat-primeur has-post-thumbnail shipping-taxable product-type-variable\">\n\t<a href=\"https:\/\/shop.chateau-du-glana.com\/en\/product\/chateau-bellegrave-2025-primeur\/\" class=\"woocommerce-LoopProduct-link woocommerce-loop-product__link\"><img decoding=\"async\" width=\"300\" height=\"300\" src=\"https:\/\/shop.chateau-du-glana.com\/wp-content\/uploads\/2025\/12\/Nouveau-projet-300x300.png\" class=\"attachment-woocommerce_thumbnail size-woocommerce_thumbnail\" alt=\"Ch\u00e2teau Bellegrave 2025 - PRIMEUR\" srcset=\"https:\/\/shop.chateau-du-glana.com\/wp-content\/uploads\/2025\/12\/Nouveau-projet-300x300.png 300w, https:\/\/shop.chateau-du-glana.com\/wp-content\/uploads\/2025\/12\/Nouveau-projet-150x150.png 150w, https:\/\/shop.chateau-du-glana.com\/wp-content\/uploads\/2025\/12\/Nouveau-projet-768x768.png 768w, https:\/\/shop.chateau-du-glana.com\/wp-content\/uploads\/2025\/12\/Nouveau-projet-100x100.png 100w, https:\/\/shop.chateau-du-glana.com\/wp-content\/uploads\/2025\/12\/Nouveau-projet.png 800w\" sizes=\"(max-width: 300px) 100vw, 300px\" \/><h2 class=\"woocommerce-loop-product__title\">Ch\u00e2teau Bellegrave 2025 &#8211; PRIMEUR<\/h2><div class=\"appellation-produit\" style=\"font-size:14px; color:#777;\">Primeur<\/div>\n\t<span class=\"price\">Soon Available<\/span>\n<\/a><a href=\"https:\/\/shop.chateau-du-glana.com\/en\/product\/chateau-bellegrave-2025-primeur\/\" aria-describedby=\"woocommerce_loop_add_to_cart_link_describedby_2145\" data-quantity=\"1\" class=\"button product_type_variable\" data-product_id=\"2145\" data-product_sku=\"\" aria-label=\"Select options for \u201cCh\u00e2teau Bellegrave 2025 - PRIMEUR\u201d\" rel=\"nofollow\" data-no-translation=\"\" data-trp-gettext=\"\" data-no-translation-aria-label=\"\">Read more<\/a>\t<span id=\"woocommerce_loop_add_to_cart_link_describedby_2145\" class=\"screen-reader-text\">\n\t\t\t<\/span>\n<\/li>\n<li class=\"product type-product post-2137 status-publish instock product_cat-primeur has-post-thumbnail shipping-taxable product-type-variable\">\n\t<a href=\"https:\/\/shop.chateau-du-glana.com\/en\/product\/chateau-du-glana-2025-primeur\/\" class=\"woocommerce-LoopProduct-link woocommerce-loop-product__link\"><img decoding=\"async\" width=\"300\" height=\"300\" src=\"https:\/\/shop.chateau-du-glana.com\/wp-content\/uploads\/2025\/12\/d42dad9f9f21a100b0f31642a64209c1-300x300.webp\" class=\"attachment-woocommerce_thumbnail size-woocommerce_thumbnail\" alt=\"Ch\u00e2teau du Glana 2025 - PRIMEUR\" srcset=\"https:\/\/shop.chateau-du-glana.com\/wp-content\/uploads\/2025\/12\/d42dad9f9f21a100b0f31642a64209c1-300x300.webp 300w, https:\/\/shop.chateau-du-glana.com\/wp-content\/uploads\/2025\/12\/d42dad9f9f21a100b0f31642a64209c1-150x150.webp 150w, https:\/\/shop.chateau-du-glana.com\/wp-content\/uploads\/2025\/12\/d42dad9f9f21a100b0f31642a64209c1-768x768.webp 768w, https:\/\/shop.chateau-du-glana.com\/wp-content\/uploads\/2025\/12\/d42dad9f9f21a100b0f31642a64209c1-100x100.webp 100w, https:\/\/shop.chateau-du-glana.com\/wp-content\/uploads\/2025\/12\/d42dad9f9f21a100b0f31642a64209c1.webp 800w\" sizes=\"(max-width: 300px) 100vw, 300px\" \/><h2 class=\"woocommerce-loop-product__title\">Ch\u00e2teau du Glana 2025 &#8211; PRIMEUR<\/h2><div class=\"appellation-produit\" style=\"font-size:14px; color:#777;\">Primeur<\/div>\n\t<span class=\"price\">Soon Available<\/span>\n<\/a><a href=\"https:\/\/shop.chateau-du-glana.com\/en\/product\/chateau-du-glana-2025-primeur\/\" aria-describedby=\"woocommerce_loop_add_to_cart_link_describedby_2137\" data-quantity=\"1\" class=\"button product_type_variable\" data-product_id=\"2137\" data-product_sku=\"\" aria-label=\"Select options for \u201cCh\u00e2teau du Glana 2025 - PRIMEUR\u201d\" rel=\"nofollow\" data-no-translation=\"\" data-trp-gettext=\"\" data-no-translation-aria-label=\"\">Read more<\/a>\t<span id=\"woocommerce_loop_add_to_cart_link_describedby_2137\" class=\"screen-reader-text\">\n\t\t\t<\/span>\n<\/li>\n<li class=\"product type-product post-2147 status-publish instock product_cat-primeur has-post-thumbnail shipping-taxable product-type-variable\">\n\t<a href=\"https:\/\/shop.chateau-du-glana.com\/en\/product\/chateau-lalande-2025-primeur\/\" class=\"woocommerce-LoopProduct-link woocommerce-loop-product__link\"><img loading=\"lazy\" decoding=\"async\" width=\"300\" height=\"300\" src=\"https:\/\/shop.chateau-du-glana.com\/wp-content\/uploads\/2026\/04\/Chateau-Lalande-sans-millesime-boutique-300x300.png\" class=\"attachment-woocommerce_thumbnail size-woocommerce_thumbnail\" alt=\"Ch\u00e2teau Lalande 2025 - PRIMEUR\" srcset=\"https:\/\/shop.chateau-du-glana.com\/wp-content\/uploads\/2026\/04\/Chateau-Lalande-sans-millesime-boutique-300x300.png 300w, https:\/\/shop.chateau-du-glana.com\/wp-content\/uploads\/2026\/04\/Chateau-Lalande-sans-millesime-boutique-150x150.png 150w, https:\/\/shop.chateau-du-glana.com\/wp-content\/uploads\/2026\/04\/Chateau-Lalande-sans-millesime-boutique-768x768.png 768w, https:\/\/shop.chateau-du-glana.com\/wp-content\/uploads\/2026\/04\/Chateau-Lalande-sans-millesime-boutique-100x100.png 100w, https:\/\/shop.chateau-du-glana.com\/wp-content\/uploads\/2026\/04\/Chateau-Lalande-sans-millesime-boutique.png 800w\" sizes=\"(max-width: 300px) 100vw, 300px\" \/><h2 class=\"woocommerce-loop-product__title\">Ch\u00e2teau Lalande 2025 &#8211; PRIMEUR<\/h2><div class=\"appellation-produit\" style=\"font-size:14px; color:#777;\">Primeur<\/div>\n\t<span class=\"price\">Soon Available<\/span>\n<\/a><a href=\"https:\/\/shop.chateau-du-glana.com\/en\/product\/chateau-lalande-2025-primeur\/\" aria-describedby=\"woocommerce_loop_add_to_cart_link_describedby_2147\" data-quantity=\"1\" class=\"button product_type_variable\" data-product_id=\"2147\" data-product_sku=\"\" aria-label=\"Select options for \u201cCh\u00e2teau Lalande 2025 - PRIMEUR\u201d\" rel=\"nofollow\" data-no-translation=\"\" data-trp-gettext=\"\" data-no-translation-aria-label=\"\">Read more<\/a>\t<span id=\"woocommerce_loop_add_to_cart_link_describedby_2147\" class=\"screen-reader-text\">\n\t\t\t<\/span>\n<\/li>\n<\/ul>\n<\/div>","protected":false},"excerpt":{"rendered":"<p>Les Primeurs sur nos propri\u00e9t\u00e9s Achetez aujourd\u2019hui un grand mill\u00e9sime en cours d\u2019\u00e9levage, et recevez-le apr\u00e8s sa mise en bouteille. Qu\u2019est-ce qu\u2019un vin en Primeurs ? Un vin vendu en Primeurs est propos\u00e9 alors qu\u2019il d\u00e9bute son \u00e9levage en barriques au ch\u00e2teau, g\u00e9n\u00e9ralement pour une dur\u00e9e de 18 \u00e0 24 mois. Depuis plus de deux [&hellip;]<\/p>\n","protected":false},"author":1,"featured_media":0,"parent":0,"menu_order":0,"comment_status":"closed","ping_status":"closed","template":"","meta":{"footnotes":""},"class_list":["post-2129","page","type-page","status-publish","hentry"],"blocksy_meta":[],"_links":{"self":[{"href":"https:\/\/shop.chateau-du-glana.com\/en\/wp-json\/wp\/v2\/pages\/2129","targetHints":{"allow":["GET"]}}],"collection":[{"href":"https:\/\/shop.chateau-du-glana.com\/en\/wp-json\/wp\/v2\/pages"}],"about":[{"href":"https:\/\/shop.chateau-du-glana.com\/en\/wp-json\/wp\/v2\/types\/page"}],"author":[{"embeddable":true,"href":"https:\/\/shop.chateau-du-glana.com\/en\/wp-json\/wp\/v2\/users\/1"}],"replies":[{"embeddable":true,"href":"https:\/\/shop.chateau-du-glana.com\/en\/wp-json\/wp\/v2\/comments?post=2129"}],"version-history":[{"count":25,"href":"https:\/\/shop.chateau-du-glana.com\/en\/wp-json\/wp\/v2\/pages\/2129\/revisions"}],"predecessor-version":[{"id":2207,"href":"https:\/\/shop.chateau-du-glana.com\/en\/wp-json\/wp\/v2\/pages\/2129\/revisions\/2207"}],"wp:attachment":[{"href":"https:\/\/shop.chateau-du-glana.com\/en\/wp-json\/wp\/v2\/media?parent=2129"}],"curies":[{"name":"wp","href":"https:\/\/api.w.org\/{rel}","templated":true}]}}

<p></p>



<h3 class="wp-block-heading">En Primeur from Our Estates</h3>



<p>Purchase today a great vintage still undergoing ageing, and receive it once it has been bottled.</p>



<h3 class="wp-block-heading">What is an En Primeur wine?</h3>



<p class="translation-block">An En Primeur wine is offered while it is still in the early stages of maturation in oak barrels at the château, typically for a period of 18 to 24 months.</p>



<p>For more than two centuries, Bordeaux’s finest wines have been sold En Primeur, allowing enthusiasts to acquire them at birth, long before bottling.</p>



<p class="translation-block">For the <strong>2025</strong> vintage, the deliveries will take place during the <strong>second half of 2027</strong>.</p>



<h3 class="wp-block-heading">Payment terms</h3>



<p>When you place your order today, you will pay for:</p>



<style>
/* ===== PRIMEURS PREMIUM - VERSION SOBRE SANS FOND BLANC ===== */

.glana-primeur-wrap{
display:grid;
grid-template-columns:1fr 170px 1fr;
gap:28px;
align-items:stretch;
margin:50px 0;
font-family:Georgia, serif;
}

/* Cartes identiques */
.glana-box{
display:flex;
flex-direction:column;
justify-content:flex-start;
height:100%;
padding:34px 30px;
border:1px solid rgba(255,255,255,.16);
background:rgba(255,255,255,.03);
backdrop-filter:blur(2px);
border-radius:12px;
box-sizing:border-box;
}

/* Carte droite premium */
.glana-box.gold{
border:1px solid #b08d57;
background:rgba(176,141,87,.08);
}

/* Icône */
.glana-icon{
font-size:34px;
line-height:1;
margin-bottom:18px;
text-align:center;
}

/* Titre */
.glana-title{
font-size:30px;
font-weight:700;
text-align:center;
margin-bottom:18px;
line-height:1.2;
}

/* Texte */
.glana-text{
font-size:18px;
line-height:1.8;
text-align:center;
margin:0;
}

/* Bloc centre */
.glana-middle{
display:flex;
flex-direction:column;
justify-content:center;
align-items:center;
text-align:center;
}

.glana-ou{
font-size:38px;
font-weight:700;
letter-spacing:1px;
color:#b08d57;
animation:glanaPulse 1.5s infinite;
}

.glana-eco{
margin-top:10px;
font-size:15px;
font-weight:700;
letter-spacing:1px;
text-transform:uppercase;
color:#b08d57;
}

/* Animation */
@keyframes glanaPulse{
0%{transform:scale(1);opacity:1;}
50%{transform:scale(1.12);opacity:.65;}
100%{transform:scale(1);opacity:1;}
}

/* Mobile */
@media(max-width:980px){

.glana-primeur-wrap{
grid-template-columns:1fr;
gap:18px;
}

.glana-middle{
order:2;
padding:8px 0;
}

}
</style>



<div class="glana-primeur-wrap">

    <!-- GAUCHE -->
    <div class="glana-box">

        <div class="glana-icon">🚛</div>

        <div class="glana-title">
            Delivery
        </div>

        <p class="glana-text translation-block">Total amount including VAT of wines reserved based on wines packed in cartons and delivered in <strong>mainland France</strong>.</p>

    </div>



    <!-- CENTRE -->
    <div class="glana-middle">

        <div class="glana-ou">OR</div>

        <div class="glana-eco">
            Adjustable price
        </div>

    </div>



    <!-- DROITE -->
    <div class="glana-box gold">

        <div class="glana-icon">🏛</div>

        <div class="glana-title">
            Collection at the Estate
        </div>

        <p class="glana-text translation-block">The total price including VAT for the wines reserved, based on wines packed in cartons and <strong>collected at the estate</strong>.</p>

    </div>

</div>
<style>
@media(max-width:980px){

.glana-primeur-wrap{
display:flex !important;
flex-direction:column !important;
}

.glana-box:first-child{
order:1;
}

.glana-middle{
order:2 !important;
margin:10px 0 18px 0;
}

.glana-box.gold{
order:3;
}

}
</style>



<p class="translation-block"><strong>Any transport costs for deliveries OUTSIDE mainland France will be payable at a later date,</strong> when the wines are made available during the second half of 2027.</p>



<p>You will receive a pro forma invoice by email confirming your reservation.</p>



<h3 class="wp-block-heading">Future delivery</h3>



<p>As your wines become available, you may contact us to arrange:</p>



<ul class="wp-block-list">
<li>collection at the estate</li>



<li>Chronopost home delivery or collection point delivery</li>



<li>specialist delivery in original wooden cases (additional charge applies)</li>
</ul>



<h3 class="wp-block-heading">Important information</h3>



<p>Offre Primeur valable <strong>jusqu&rsquo;au 15/09/2026 uniquement</strong>. Toute commande Primeurs est ferme et définitive.</p>



<div class="wp-block-group is-nowrap is-layout-flex wp-container-core-group-is-layout-6c531013 wp-block-group-is-layout-flex">
<figure class="wp-block-image size-full is-resized"><img fetchpriority="high" decoding="async" width="512" height="512" src="https://shop.chateau-du-glana.com/wp-content/uploads/2026/04/image-1.png" alt="" class="wp-image-2165" style="width:37px;height:auto" srcset="https://shop.chateau-du-glana.com/wp-content/uploads/2026/04/image-1.png 512w, https://shop.chateau-du-glana.com/wp-content/uploads/2026/04/image-1-300x300.png 300w, https://shop.chateau-du-glana.com/wp-content/uploads/2026/04/image-1-150x150.png 150w, https://shop.chateau-du-glana.com/wp-content/uploads/2026/04/image-1-12x12.png 12w, https://shop.chateau-du-glana.com/wp-content/uploads/2026/04/image-1-100x100.png 100w" sizes="(max-width: 512px) 100vw, 512px" /></figure>



<p class="has-text-align-center translation-block">Minimum order: <strong> 6 bottles <strong> or <strong> 3 magnums <strong>, with the possibility of mixing different wines.</p>
</div>


<div class="woocommerce columns-4"><ul class="products columns-4" data-products="type-1" data-hover="zoom-in">
<li class="product type-product post-2145 status-publish first instock product_cat-primeur has-post-thumbnail shipping-taxable product-type-variable">
	<a href="https://shop.chateau-du-glana.com/en/product/chateau-bellegrave-2025-primeur/" class="woocommerce-LoopProduct-link woocommerce-loop-product__link"><img decoding="async" width="300" height="300" src="https://shop.chateau-du-glana.com/wp-content/uploads/2025/12/Nouveau-projet-300x300.png" class="attachment-woocommerce_thumbnail size-woocommerce_thumbnail" alt="Château Bellegrave 2025 - PRIMEUR" srcset="https://shop.chateau-du-glana.com/wp-content/uploads/2025/12/Nouveau-projet-300x300.png 300w, https://shop.chateau-du-glana.com/wp-content/uploads/2025/12/Nouveau-projet-150x150.png 150w, https://shop.chateau-du-glana.com/wp-content/uploads/2025/12/Nouveau-projet-768x768.png 768w, https://shop.chateau-du-glana.com/wp-content/uploads/2025/12/Nouveau-projet-100x100.png 100w, https://shop.chateau-du-glana.com/wp-content/uploads/2025/12/Nouveau-projet.png 800w" sizes="(max-width: 300px) 100vw, 300px" /><h2 class="woocommerce-loop-product__title">Château Bellegrave 2025 &#8211; PRIMEUR</h2><div class="appellation-produit" style="font-size:14px; color:#777;">Primeur</div>
	<span class="price">Soon Available</span>
</a><a href="https://shop.chateau-du-glana.com/en/product/chateau-bellegrave-2025-primeur/" aria-describedby="woocommerce_loop_add_to_cart_link_describedby_2145" data-quantity="1" class="button product_type_variable" data-product_id="2145" data-product_sku="" aria-label="Select options for “Château Bellegrave 2025 - PRIMEUR”" rel="nofollow" data-no-translation="" data-trp-gettext="" data-no-translation-aria-label="">Read more</a>	<span id="woocommerce_loop_add_to_cart_link_describedby_2145" class="screen-reader-text">
			</span>
</li>
<li class="product type-product post-2137 status-publish instock product_cat-primeur has-post-thumbnail shipping-taxable product-type-variable">
	<a href="https://shop.chateau-du-glana.com/en/product/chateau-du-glana-2025-primeur/" class="woocommerce-LoopProduct-link woocommerce-loop-product__link"><img decoding="async" width="300" height="300" src="https://shop.chateau-du-glana.com/wp-content/uploads/2025/12/d42dad9f9f21a100b0f31642a64209c1-300x300.webp" class="attachment-woocommerce_thumbnail size-woocommerce_thumbnail" alt="Château du Glana 2025 - PRIMEUR" srcset="https://shop.chateau-du-glana.com/wp-content/uploads/2025/12/d42dad9f9f21a100b0f31642a64209c1-300x300.webp 300w, https://shop.chateau-du-glana.com/wp-content/uploads/2025/12/d42dad9f9f21a100b0f31642a64209c1-150x150.webp 150w, https://shop.chateau-du-glana.com/wp-content/uploads/2025/12/d42dad9f9f21a100b0f31642a64209c1-768x768.webp 768w, https://shop.chateau-du-glana.com/wp-content/uploads/2025/12/d42dad9f9f21a100b0f31642a64209c1-100x100.webp 100w, https://shop.chateau-du-glana.com/wp-content/uploads/2025/12/d42dad9f9f21a100b0f31642a64209c1.webp 800w" sizes="(max-width: 300px) 100vw, 300px" /><h2 class="woocommerce-loop-product__title">Château du Glana 2025 &#8211; PRIMEUR</h2><div class="appellation-produit" style="font-size:14px; color:#777;">Primeur</div>
	<span class="price">Soon Available</span>
</a><a href="https://shop.chateau-du-glana.com/en/product/chateau-du-glana-2025-primeur/" aria-describedby="woocommerce_loop_add_to_cart_link_describedby_2137" data-quantity="1" class="button product_type_variable" data-product_id="2137" data-product_sku="" aria-label="Select options for “Château du Glana 2025 - PRIMEUR”" rel="nofollow" data-no-translation="" data-trp-gettext="" data-no-translation-aria-label="">Read more</a>	<span id="woocommerce_loop_add_to_cart_link_describedby_2137" class="screen-reader-text">
			</span>
</li>
<li class="product type-product post-2147 status-publish instock product_cat-primeur has-post-thumbnail shipping-taxable product-type-variable">
	<a href="https://shop.chateau-du-glana.com/en/product/chateau-lalande-2025-primeur/" class="woocommerce-LoopProduct-link woocommerce-loop-product__link"><img loading="lazy" decoding="async" width="300" height="300" src="https://shop.chateau-du-glana.com/wp-content/uploads/2026/04/Chateau-Lalande-sans-millesime-boutique-300x300.png" class="attachment-woocommerce_thumbnail size-woocommerce_thumbnail" alt="Château Lalande 2025 - PRIMEUR" srcset="https://shop.chateau-du-glana.com/wp-content/uploads/2026/04/Chateau-Lalande-sans-millesime-boutique-300x300.png 300w, https://shop.chateau-du-glana.com/wp-content/uploads/2026/04/Chateau-Lalande-sans-millesime-boutique-150x150.png 150w, https://shop.chateau-du-glana.com/wp-content/uploads/2026/04/Chateau-Lalande-sans-millesime-boutique-768x768.png 768w, https://shop.chateau-du-glana.com/wp-content/uploads/2026/04/Chateau-Lalande-sans-millesime-boutique-100x100.png 100w, https://shop.chateau-du-glana.com/wp-content/uploads/2026/04/Chateau-Lalande-sans-millesime-boutique.png 800w" sizes="(max-width: 300px) 100vw, 300px" /><h2 class="woocommerce-loop-product__title">Château Lalande 2025 &#8211; PRIMEUR</h2><div class="appellation-produit" style="font-size:14px; color:#777;">Primeur</div>
	<span class="price">Soon Available</span>
</a><a href="https://shop.chateau-du-glana.com/en/product/chateau-lalande-2025-primeur/" aria-describedby="woocommerce_loop_add_to_cart_link_describedby_2147" data-quantity="1" class="button product_type_variable" data-product_id="2147" data-product_sku="" aria-label="Select options for “Château Lalande 2025 - PRIMEUR”" rel="nofollow" data-no-translation="" data-trp-gettext="" data-no-translation-aria-label="">Read more</a>	<span id="woocommerce_loop_add_to_cart_link_describedby_2147" class="screen-reader-text">
			</span>
</li>
</ul>
</div>

<p>Les Primeurs sur nos propriétés Achetez aujourd’hui un grand millésime en cours d’élevage, et recevez-le après sa mise en bouteille. Qu’est-ce qu’un vin en Primeurs ? Un vin vendu en Primeurs est proposé alors qu’il débute son élevage en barriques au château, généralement pour une durée de 18 à 24 mois. Depuis plus de deux [&hellip;]</p>
